{"id":178,"date":"2014-01-27T14:02:32","date_gmt":"2014-01-27T16:02:32","guid":{"rendered":"http:\/\/www.merionline.com.br\/noticias\/?page_id=178"},"modified":"2014-01-28T18:09:54","modified_gmt":"2014-01-28T20:09:54","slug":"informativos","status":"publish","type":"page","link":"https:\/\/www.merionline.com.br\/noticias\/informativos\/","title":{"rendered":"Informativos"},"content":{"rendered":"<p>COMUNICADO AO P\u00daBLICO.<\/p>\n<p><a href=\"https:\/\/www.merionline.com.br\/noticias\/wp-content\/uploads\/2014\/01\/cartorio.jpg\"><img loading=\"lazy\" decoding=\"async\" class=\"alignnone size-full wp-image-179\" alt=\"cartorio\" src=\"https:\/\/www.merionline.com.br\/noticias\/wp-content\/uploads\/2014\/01\/cartorio.jpg\" width=\"600\" height=\"344\" srcset=\"https:\/\/www.merionline.com.br\/noticias\/wp-content\/uploads\/2014\/01\/cartorio.jpg 600w, https:\/\/www.merionline.com.br\/noticias\/wp-content\/uploads\/2014\/01\/cartorio-300x172.jpg 300w\" sizes=\"(max-width: 600px) 100vw, 600px\" \/><\/a><\/p>\n<p>O Servi\u00e7o de Registro Civil das Pessoas Naturais e Tabeli\u00e3o de Notas de Meridiano, funcionar\u00e1 das 09:00h \u00e0s 12:30h e das 13:30h \u00e0s 16:00h, de segunda \u00e0 sexta-feira.S\u00e1bados, domingos e feriados pelo sistema de plant\u00e3o.<\/p>\n<p>Atenciosamente: Cart\u00f3rio de Meridiano<\/p>\n","protected":false},"excerpt":{"rendered":"<p>COMUNICADO AO P\u00daBLICO. O Servi\u00e7o de Registro Civil das Pessoas Naturais e Tabeli\u00e3o de Notas de Meridiano, funcionar\u00e1 das 09:00h \u00e0s 12:30h e das 13:30h \u00e0s 16:00h, de segunda \u00e0 sexta-feira.S\u00e1bados, domingos e feriados pelo sistema de plant\u00e3o. Atenciosamente: Cart\u00f3rio de Meridiano<\/p>\n","protected":false},"author":1,"featured_media":0,"parent":0,"menu_order":0,"comment_status":"open","ping_status":"open","template":"","meta":{"footnotes":""},"_links":{"self":[{"href":"https:\/\/www.merionline.com.br\/noticias\/wp-json\/wp\/v2\/pages\/178"}],"collection":[{"href":"https:\/\/www.merionline.com.br\/noticias\/wp-json\/wp\/v2\/pages"}],"about":[{"href":"https:\/\/www.merionline.com.br\/noticias\/wp-json\/wp\/v2\/types\/page"}],"author":[{"embeddable":true,"href":"https:\/\/www.merionline.com.br\/noticias\/wp-json\/wp\/v2\/users\/1"}],"replies":[{"embeddable":true,"href":"https:\/\/www.merionline.com.br\/noticias\/wp-json\/wp\/v2\/comments?post=178"}],"version-history":[{"count":1,"href":"https:\/\/www.merionline.com.br\/noticias\/wp-json\/wp\/v2\/pages\/178\/revisions"}],"predecessor-version":[{"id":180,"href":"https:\/\/www.merionline.com.br\/noticias\/wp-json\/wp\/v2\/pages\/178\/revisions\/180"}],"wp:attachment":[{"href":"https:\/\/www.merionline.com.br\/noticias\/wp-json\/wp\/v2\/media?parent=178"}],"curies":[{"name":"wp","href":"https:\/\/api.w.org\/{rel}","templated":true}]}}

<p>COMUNICADO AO PÚBLICO.</p>
<p><a href="https://www.merionline.com.br/noticias/wp-content/uploads/2014/01/cartorio.jpg"><img loading="lazy" decoding="async" class="alignnone size-full wp-image-179" alt="cartorio" src="https://www.merionline.com.br/noticias/wp-content/uploads/2014/01/cartorio.jpg" width="600" height="344" srcset="https://www.merionline.com.br/noticias/wp-content/uploads/2014/01/cartorio.jpg 600w, https://www.merionline.com.br/noticias/wp-content/uploads/2014/01/cartorio-300x172.jpg 300w" sizes="(max-width: 600px) 100vw, 600px" /></a></p>
<p>O Serviço de Registro Civil das Pessoas Naturais e Tabelião de Notas de Meridiano, funcionará das 09:00h às 12:30h e das 13:30h às 16:00h, de segunda à sexta-feira.Sábados, domingos e feriados pelo sistema de plantão.</p>
<p>Atenciosamente: Cartório de Meridiano</p>

<p>COMUNICADO AO PÚBLICO. O Serviço de Registro Civil das Pessoas Naturais e Tabelião de Notas de Meridiano, funcionará das 09:00h às 12:30h e das 13:30h às 16:00h, de segunda à sexta-feira.Sábados, domingos e feriados pelo sistema de plantão. Atenciosamente: Cartório de Meridiano</p>
